ple of 14?
True
Is 581 a multiple of 7?
True
Is 166 a multiple of 6?
False
Is 21885 a multiple of 3?
True
Is 27 a factor of 25461?
True
Is 272 a factor of 23532?
False
Does 46 divide 58144?
True
Is 25 a factor of 120?
False
Is 214 a factor of 27186?
False
Does 133 divide 25270?
True
Is 3981 a multiple of 6?
False
Does 63 divide 3339?
True
Is 2198 a multiple of 31?
False
Does 10 divide 5416?
False
Does 147 divide 165550?
False
Is 1492 a multiple of 9?
False
Is 2176 a multiple of 68?
True
Is 335 a multiple of 15?
False
Does 2 divide 10152?
True
Is 2462 a multiple of 7?
False
Is 13 a factor of 367?
False
Is 4 a factor of 588?
True
Is 1326 a multiple of 4?
False
Is 1050 a multiple of 8?
False
Does 3 divide 3533?
False
Is 95 a factor of 82365?
True
Is 15 a factor of 13192?
False
Is 90 a factor of 1843?
False
Does 16 divide 629?
False
Is 1311 a multiple of 68?
False
Is 4560 a multiple of 43?
False
Is 3021 a multiple of 57?
True
Is 10800 a multiple of 120?
True
Does 14 divide 54684?
True
Is 18 a factor of 459?
False
Does 12 divide 2822?
False
Is 19 a factor of 1558?
True
Does 66 divide 5069?
False
Is 14 a factor of 1401?
False
Does 27 divide 12150?
True
Does 2 divide 2439?
False
Is 5 a factor of 5360?
True
Is 635 a multiple of 11?
False
Does 46 divide 4093?
False
Is 506 a multiple of 23?
True
Is 773 a multiple of 39?
False
Does 17 divide 204?
True
Is 4542 a multiple of 44?
False
Is 39 a factor of 541?
False
Is 26 a factor of 918?
False
Does 15 divide 4588?
False
Does 22 divide 6532?
False
Does 21 divide 464?
False
Is 231 a multiple of 21?
True
Is 7 a factor of 4123?
True
Is 1600 a multiple of 40?
True
Is 1780 a multiple of 20?
True
Does 6 divide 1163?
False
Is 21 a factor of 2646?
True
Is 45 a factor of 6363?
False
Does 12 divide 4800?
True
Is 101 a factor of 2828?
True
Does 71 divide 2536?
False
Is 44 a factor of 1100?
True
Does 7 divide 532?
True
Is 7 a factor of 6062?
True
Is 567 a multiple of 28?
False
Is 12 a factor of 372?
True
Does 15 divide 678?
False
Is 50492 a multiple of 17?
False
Does 4 divide 432?
True
Is 127 a factor of 4826?
True
Is 12324 a multiple of 98?
False
Does 10 divide 245?
False
Is 118 a factor of 3229?
False
Is 3264 a multiple of 26?
False
Is 3715 a multiple of 9?
False
Is 204 a multiple of 12?
True
Is 134 a factor of 25594?
True
Does 45 divide 1860?
False
Does 51 divide 1230?
False
Does 60 divide 62?
False
Is 2593 a multiple of 34?
False
Is 271 a multiple of 2?
False
Is 442 a multiple of 5?
False
Is 23660 a multiple of 65?
True
Does 19 divide 13034?
True
Is 844 a multiple of 36?
False
Is 63623 a multiple of 123?
False
Is 25 a factor of 850?
True
Does 25 divide 83650?
True
Is 717 a multiple of 22?
False
Does 161 divide 51393?
False
Does 14 divide 1554?
True
Is 127 a multiple of 11?
False
Does 52 divide 8424?
True
Is 23 a factor of 7245?
True
Is 101 a factor of 40467?
False
Does 12 divide 6432?
True
Is 6 a factor of 201?
False
Is 319 a multiple of 13?
False
Is 1074 a multiple of 11?
False
Does 113 divide 8097?
False
Is 1577 a multiple of 83?
True
Does 11 divide 550?
True
Does 19 divide 27419?
False
Does 14 divide 42140?
True
Is 13960 a multiple of 5?
True
Does 41 divide 2928?
False
Is 6 a factor of 553?
False
Is 3 a factor of 1231?
False
Is 26 a factor of 6751?
False
Is 33 a factor of 2244?
True
Is 25 a factor of 682?
False
Is 25 a factor of 8375?
True
Does 260 divide 1560?
True
Is 14 a factor of 1554?
True
Is 31 a factor of 81794?
False
Does 13 divide 3243?
False
Is 1912 a multiple of 18?
False
Is 129 a multiple of 43?
True
Is 3 a factor of 57?
True
Is 3046 a multiple of 3?
False
Does 65 divide 1235?
True
Does 10 divide 533?
False
Is 31 a factor of 1349?
False
Does 9 divide 17928?
True
Is 7254 a multiple of 6?
True
Is 36793 a multiple of 16?
False
Is 44544 a multiple of 48?
True
Does 7 divide 250?
False
Does 15 divide 3391?
False
Does 29 divide 11571?
True
Is 58290 a multiple of 95?
False
Does 28 divide 116844?
True
Is 15 a factor of 45?
True
Is 1456 a multiple of 36?
False
Does 10 divide 13250?
True
Does 3 divide 474?
True
Is 80 a factor of 2013?
False
Is 15 a factor of 3589?
False
Does 48 divide 15566?
False
Does 77 divide 1925?
True
Is 3 a factor of 3654?
True
Is 2466 a multiple of 39?
False
Does 16 divide 727?
False
Is 49 a factor of 42671?
False
Is 2618 a multiple of 19?
False
Is 22 a factor of 176?
True
Is 208 a factor of 2123?
False
Does 9 divide 279?
True
Is 24 a factor of 31568?
False
Does 42 divide 6480?
False
Is 94 a factor of 93025?
False
Is 3648 a multiple of 12?
True
Is 14 a factor of 256?
False
Is 45 a factor of 19710?
True
Does 39 divide 702?
True
Is 7084 a multiple of 46?
True
Is 123 a factor of 2214?
True
Does 21 divide 798?
True
Is 62 a factor of 27218?
True
Is 3990 a multiple of 19?
True
Is 2994 a multiple of 8?
False
Is 13137 a multiple of 151?
True
Is 18 a factor of 882?
True
Is 5 a factor of 240?
True
Is 5 a factor of 1894?
False
Is 36 a factor of 122144?
False
Does 30 divide 109855?
False
Does 15 divide 750?
True
Does 3 divide 233?
False
Does 385 divide 89047?
False
Is 46 a factor of 1380?
True
Does 13 divide 3685?
False
Does 16 divide 6398?
False
Does 16 divide 347?
False
Is 6134 a multiple of 9?
False
Is 13 a factor of 461?
False
Does 19 divide 969?
True
Does 40 divide 16720?
True
Is 99 a factor of 198?
True
Does 6 divide 738?
True
Is 93 a factor of 96627?
True
Is 1280 a multiple of 20?
True
Does 2 divide 1318?
True
Is 528 a multiple of 24?
True
Is 11 a factor of 660?
True
Is 16 a factor of 1219?
False
Is 124 a factor of 15748?
True
Is 51715 a multiple of 167?
False
Is 15 a factor of 157?
False
Is 123 a factor of 4182?
True
Is 87 a factor of 4089?
True
Is 507 a multiple of 39?
True
Is 9 a factor of 126?
True
Is 966 even?
True
Does 8 divide 144?
True
Is 1913 a multiple of 11?
False
Is 35 a factor of 9535?
False
Is 30144 a multiple of 10?
False
Does 81 divide 3606?
False
Does 9 divide 17?
False
Does 46 divide 25622?
True
Does 8 divide 12135?
False
Is 30 a factor of 660?
True
Is 1449 a multiple of 21?
True
Is 11 a factor of 3564?
True
Does 8 divide 53761?
False
Does 19 divide 114?
True
Is 175 a multiple of 25?
True
Is 32 a multiple of 16?
True
Does 24 divide 3624?
True
Is 301 a multiple of 43?
True
Is 18 a factor of 3745?
False
Does 53 divide 4823?
True
Is 15 a factor of 2278?
False
Is 3224 a multiple of 62?
True
Is 32 a factor of 44448?
True
Does 14 divide 2534?
True
Is 1989 a multiple of 13?
True
Is 794 a multiple of 81?
False
Is 2916 a multiple of 14?
False
Is 816 a multiple of 34?
True
Is 13 a factor of 2131?
False
Does 16 divide 4672?
True
Is 93450 a multiple of 35?
True
Is 6 a factor of 372?
True
Does 76 divide 836?
True
Does 6 divide 1435?
False
Does 283 divide 158835?
False
Does 435 divide 86920?
False
Does 10 divide 60?
True
Is 1492 a multiple of 24?
False
Is 99 a factor of 2028?
False
Is 39 a factor of 1670?
False
Is 210 a multiple of 12?
False
Is 8001 a multiple of 21?
True
Does 6 divide 303?
False
Does 63 divide 1397?
False
Is 560 a multiple of 28?
True
Is 82 a factor of 2050?
True
Is 1813 a multiple of 25?
False
Does 9 divide 252?
True
Does 17 divide 24375?
False
Is 104 a multiple of 4?
True
Is 223 a multiple of 46?
False
Is 69 a factor of 31615?
False
Is 17631 a multiple of 9?
True
Is 44 a factor of 352?
True
Does 41 divide 491?
False
Is 37 a factor of 111?
True
Is 39 a factor of 91201?
False
Does 13 divide 10636?
False
Is 24459 a multiple of 71?
False
Is 2065 a multiple of 21?
False
Is 4 a factor of 3760?
True
Is 7 a factor of 557?
False
Is 20 a factor of 1609?
False
Is 54 a factor of 2646?
True
Does 10 divide 1170?
True
Is 8412 a multiple of 7?
False
Is 69 a factor of 4347?
True
Is 446 a multiple of 21?
False
Is 70 a factor of 5203?
False
Does 16 divide 560?
True
Does 6 divide 2035?
False
Is 1267 a multiple of 16?
False
Is 5394 a multiple of 19?
False
Is 4086 a multiple of 9?
True
Is 4050 a multiple of 9?
True
Is 12 a factor of 12300?
True
Is 1719 a multiple of 9?
True
Is 20 a factor of 65303?
False
Does 20 divide 1140?
True
Is 8 a factor of 14754?
False
Is 22 a factor of 1474?
True
Does 131 divide 14279?
True
Does 67 divide 6767?
True
Does 53 divide 9046?
False
Is 228 even?
True
Does 111 divide 2266?
False
Does 27 divide 551?
False
Is 532 a multiple of 14?
True
Is 11 a factor of 10